is 0 - 1b6?
-1b6
In base 3, what is -2 - 2220?
-2222
In base 11, what is 303 - 19?
295
In base 5, what is 1003 + -21?
432
In base 5, what is 2110 - 10?
2100
In base 12, what is 28 + 1?
29
In base 11, what is -1 + 34?
33
In base 13, what is -9c - -2?
-9a
In base 5, what is -214000 + -2?
-214002
In base 9, what is 31 - 123?
-82
In base 3, what is 20 - 12102?
-12012
In base 14, what is 5 - -ad?
b4
In base 8, what is 66 - 2?
64
In base 14, what is 1 - 38?
-37
In base 4, what is -11 - 11?
-22
In base 8, what is -64 - -53?
-11
In base 10, what is -108 - -44?
-64
In base 5, what is -13 + -1?
-14
In base 2, what is 1010101 - 100?
1010001
In base 11, what is 41 - 4?
38
In base 10, what is 4 + 70?
74
In base 11, what is 173 + -4?
16a
In base 4, what is 0 - -3202?
3202
In base 16, what is 0 - 13?
-13
In base 10, what is -14 - 234?
-248
In base 15, what is a12 + 5?
a17
In base 16, what is 4 + 3d?
41
In base 15, what is 1 - 1d?
-1c
In base 13, what is 168 + 6?
171
In base 2, what is 11100110 - 100?
11100010
In base 10, what is 15 - 46?
-31
In base 13, what is 18 - 5?
13
In base 6, what is 51453 - -5?
51502
In base 12, what is -2 + 631?
62b
In base 2, what is -110001 - 11011?
-1001100
In base 11, what is -48 - -2?
-46
In base 15, what is -16 - 7?
-1d
In base 13, what is -4 + 28?
24
In base 9, what is -1747 - 1?
-1748
In base 3, what is -201 + 111200?
110222
In base 8, what is -75 - 3?
-100
In base 10, what is 62 - 1?
61
In base 4, what is -301 - -31?
-210
In base 12, what is 3 + -1b55?
-1b52
In base 5, what is -421 - 2?
-423
In base 15, what is -329 + 0?
-329
In base 4, what is -1300 + -2?
-1302
In base 5, what is -103221 - 1?
-103222
In base 4, what is 2232 - -3?
2301
In base 14, what is -4 - -7b?
77
In base 3, what is -102211 + 20?
-102121
In base 8, what is 176 + 5?
203
In base 10, what is 4 - -356?
360
In base 14, what is -153 - -d?
-144
In base 11, what is -1 - -14a?
149
In base 15, what is -49 + -6?
-50
In base 12, what is 1 - -40?
41
In base 16, what is -3 + -140e?
-1411
In base 6, what is -2003 - -2?
-2001
In base 4, what is 1211 - -2?
1213
In base 12, what is 202 - 2?
200
In base 7, what is -55 - 106?
-164
In base 12, what is -15b + 2?
-159
In base 3, what is 100101210 - 12?
100101121
In base 15, what is 4b1 + 1?
4b2
In base 13, what is -13 + 43?
30
In base 16, what is -e + 4?
-a
In base 4, what is 23 - -12?
101
In base 13, what is -c2 + 7?
-b8
In base 14, what is -a - -5?
-5
In base 10, what is -345 - 3?
-348
In base 14, what is -4 - 370?
-374
In base 8, what is 51 - -56?
127
In base 7, what is -1320 - 0?
-1320
In base 14, what is 40 + 15?
55
In base 16, what is -1f6a - 3?
-1f6d
In base 7, what is -5 - -1540?
1532
In base 5, what is 101 - -13?
114
In base 6, what is -2402 - -3?
-2355
In base 15, what is 1 + -574?
-573
In base 3, what is 0 - -1110?
1110
In base 10, what is 1816 + 1?
1817
In base 13, what is 202 - 3?
1cc
In base 14, what is -a + -87?
-93
In base 2, what is 10000 + 0?
10000
In base 16, what is -7d - 2?
-7f
In base 15, what is 273 + 1?
274
In base 16, what is 72 + -7?
6b
In base 2, what is 10000000 - 110?
1111010
In base 9, what is -1 + -355?
-356
In base 2, what is 1110011001001 + 1?
1110011001010
In base 5, what is 133312 + 4?
133321
In base 12, what is -44 - 2?
-46
In base 14, what is 9 - -470?
479
In base 13, what is -76 + 11?
-65
In base 3, what is 11222 + 10?
12002
In base 5, what is 1430 - 1?
1424
In base 12, what is 2 + 5?
7
In base 12, what is 2149 + -4?
2145
In base 16, what is 4a + 1c?
66
In base 4, what is -103 + 20?
-23
In base 5, what is -2 + -4112?
-4114
In base 11, what is -71 + -1?
-72
In base 11, what is 16 + 10?
26
In base 9, what is 5 - 1244?
-1238
In base 4, what is -3 + 1231?
1222
In base 12, what is -101 - -1?
-100
In base 7, what is -205 + 10?
-165
In base 9, what is -5 + -1002?
-1007
In base 6, what is -12511 + -4?
-12515
In base 6, what is -5 + 10421?
10412
In base 9, what is -832 - 1?
-833
In base 15, what is -3 - -6c?
69
In base 12, what is -3 + -16b6?
-16b9
In base 9, what is 7884 - -2?
7886
In base 13, what is -340 - 2?
-342
In base 11, what is -4a7 + 3?
-4a4
In base 15, what is 3 + 74?
77
In base 8, what is 4 + 103?
107
In base 11, what is -321a + 3?
-3217
In base 9, what is 14557 + -5?
14552
In base 3, what is 12002 - 2?
12000
In base 2, what is 0 - 11011101100?
-11011101100
In base 2, what is 11100011111 - 100?
11100011011
In base 12, what is -2 - 113?
-115
In base 8, what is 5 + 1432?
1437
In base 14, what is -12 - -86?
74
In base 10, what is 3 + -227?
-224
In base 5, what is -2132 - -1?
-2131
In base 6, what is -3 - 1343?
-1350
In base 7, what is -425 + -2?
-430
In base 15, what is 4d - 94?
-46
In base 16, what is 22e - -6?
234
In base 14, what is -a4 - 3?
-a7
In base 12, what is -134 - 2?
-136
In base 4, what is -201222 + -10?
-201232
In base 3, what is -2 - -2011?
2002
In base 4, what is 33 - 10?
23
In base 8, what is 2 - -532?
534
In base 13, what is -8 - c?
-17
In base 11, what is 0 + 2324?
2324
In base 14, what is -327 + -5?
-32c
In base 5, what is 13 - -3?
21
In base 2, what is -101110 + -110?
-110100
In base 9, what is 5 - 104?
-88
In base 15, what is -6 + -288?
-28e
In base 8, what is -61 - 3?
-64
In base 8, what is -4 - -620?
614
In base 10, what is -3 + -78?
-81
In base 4, what is -213 + -2312?
-3131
In base 2, what is -100110011 + 1?
-100110010
In base 8, what is -30 + -462?
-512
In base 12, what is 7 + -30?
-25
In base 12, what is 6 + 39?
43
In base 2, what is -100 + 100110010?
100101110
In base 10, what is -3 - -54?
51
In base 13, what is -1 - 9ca?
-9cb
In base 15, what is c - -5?
12
In base 3, what is 1001 + -21012?
-20011
In base 5, what is -11 + -3133?
-3144
In base 2, what is -1111 - -11110?
1111
In base 5, what is -13 + -31011?
-31024
In base 12, what is 8a + -2?
88
In base 9, what is -244 + -20?
-264
In base 16, what is -17e3 + 2?
-17e1
In base 12, what is 8b2 - -4?
8b6
In base 13, what is 4 + 401?
405
In base 12, what is 8 + -28?
-20
In base 11, what is -3 + 26?
23
In base 14, what is 8 - dc?
-d4
In base 6, what is -1403 + 0?
-1403
In base 15, what is -9d46 - 3?
-9d49
In base 15, what is -5 - 3a?
-40
In base 7, what is 642 - 3?
636
In base 8, what is 0 + 113?
113
In base 10, what is 74 - -5?
79
In base 12, what is 0 + -1215?
-1215
In base 11, what is -5 - 3229?
-3233
In base 7, what is 5 + 611?
616
In base 10, what is -6 - -259?
253
In base 8, what is -1 + 556?
555
In base 11, what is -8 + -175?
-182
In base 14, what is -3c - 1c?
-5a
In base 10, what is -129 + -20?
-149
In base 2, what is -100 + -100010000?
-100010100
In base 5, what is 0 - -34141?
34141
In base 15, what is 12 + -b?
6
In base 7, what is -2 + -5?
-10
In base 6, what is -21 - 4?
-25
In base 12, what is -4 - -177?
173
In base 16, what is 5 - -1d?
22
In base 13, what is -268 - -3?
-265
In base 13, what is -1 - -23?
22
In base 14, what is 0 - -321?
321
In base 16, what is -3 - 9?
-c
In base 5, what is -433 - -43?
-340
In base 9, what is 2 - 3504?
-3502
In base 6, what is -2 - 154?
-200
In base 13, what is 45 + 0?
45
In base 13, what is 4 - 19?
-15
In base 5, what is 44 - -2?
101
In base 14, what is 8 - 2a8?
-2a0
In base 3, what is 22020200 + 0?
22020200
In base 12, what is -2 + -5a?
-60
In base 13, what is 6b + -15?
56
In base 3, what is 1200 - 21?
1102
In base 4, what is -1132 + -12?
-1210
In base 9, what is -1167 - 11?
-1178
In base 7, what is -11333 + -2?
-11335
In base 10, what is 9 + -13?
-4
In base 7, what is -3 - -61?
55
In base 6, what is -131 - -124?
-3
In base 12, what is 4 + 3?
7
In base 9, what is -3 - -22?
18
In base 4, what is -1031 - -11?
-1020
In base 11, what is 573 - 5?
569
In base 16, what is c0 - -2?
c2
In base 6, what is -10 - -5304?
5254
In base 11, what is 4 - a19?
-a15
In base 10, what is 2 - 146?
-144
In base 7, what is -5 + -400?
-405
In base 15, what is -8 - 23?
-2b
In base 2, what is 10 + 10000000?
10000010
In base 16, what is 0 + 1?
1
In base 6, what is 12102 - -3?
12105
In base 9, what is -414 - 36?
-451
In base 15, what is 4 + 2e?
33
In base 13, what is 2 - -267?
269
In base 13, what is 0 + 28?
28
In base 6, what is 33 - 2?
31
In base 8, what is -4653 - -2?
-4651
In base 2, what is 11 + 100101?
101000
In base 3, what is -1 - -12120?
12112
In base 8, what is 56 + -445?
-367
In base 16